{"id":185,"date":"2025-01-28T12:11:34","date_gmt":"2025-01-28T12:11:34","guid":{"rendered":"https:\/\/suertesdelmarques.circulanet.es\/?page_id=185"},"modified":"2025-02-20T18:53:54","modified_gmt":"2025-02-20T18:53:54","slug":"avisolegal","status":"publish","type":"page","link":"https:\/\/suertesdelmarques.es\/eng\/avisolegal\/","title":{"rendered":"Aviso Legal"},"content":{"rendered":"<p>Responsable de la Web: JONATAN GARCIA LIMA<\/p>\n\n\n\n<p>NIF\/CIF: B38693859<\/p>\n\n\n\n<p>Direcci\u00f3n: Camino las suertes-cuarta (la perdoma), 10 &#8211; 3 Santa Cruz de Tenerife<\/p>\n\n\n\n<p>Tel\u00e9fono: 652941505&nbsp;<\/p>\n\n\n\n<p>Correo electr\u00f3nico: ventas@suertesdelmarques.com<\/p>\n\n\n\n<p>SUERTE DEL MARQU\u00c9S es una plataforma en l\u00ednea propiedad de SOAGRANORTE S.L<strong>,<\/strong> dedicada a lo que se dedique el proyecto.<\/p>\n\n\n\n<p>**Propiedad Intelectual e Industrial**<\/p>\n\n\n\n<p>Los derechos de propiedad intelectual e industrial de la web, as\u00ed como los contenidos que alberga, son propiedad de SOAGRANORTE S.L. o de terceros. Queda prohibida la reproducci\u00f3n, distribuci\u00f3n o modificaci\u00f3n de los contenidos sin el permiso expreso de los propietarios.<\/p>\n\n\n\n<p>**Pol\u00edtica de Privacidad**<\/p>\n\n\n\n<p>Puedes consultar nuestra pol\u00edtica de privacidad en el siguiente enlace: Pol\u00edtica de privacidad<\/p>\n\n\n\n<p>**Ley Aplicable y Jurisdicci\u00f3n**<\/p>\n\n\n\n<p>Estas condiciones se rigen por la legislaci\u00f3n espa\u00f1ola y cualquier controversia se someter\u00e1 a los juzgados y tribunales de Matar\u00f3 de acuerdo con la legislaci\u00f3n aplicable.<\/p>\n\n\n\n<p>**Contacto**<\/p>\n\n\n\n<p>Para cualquier consulta o comentario sobre nuestros t\u00e9rminos legales, por favor, cont\u00e1ctenos en ventas@suertesdelmarques.com<\/p>\n\n\n\n<p>Fecha de la \u00faltima actualizaci\u00f3n: 22\/01\/2025<\/p>","protected":false},"excerpt":{"rendered":"<p>Responsable de la Web: JONATAN GARCIA LIMA NIF\/CIF: B38693859 Direcci\u00f3n: Camino las suertes-cuarta (la perdoma), 10 &#8211; 3 Santa Cruz de Tenerife Tel\u00e9fono: 652941505&nbsp; Correo electr\u00f3nico:<span class=\"excerpt-hellip\"> [\u2026]<\/span><\/p>","protected":false},"author":1,"featured_media":0,"parent":0,"menu_order":0,"comment_status":"closed","ping_status":"closed","template":"","meta":{"footnotes":""},"class_list":["post-185","page","type-page","status-publish","hentry"],"_links":{"self":[{"href":"https:\/\/suertesdelmarques.es\/eng\/wp-json\/wp\/v2\/pages\/185","targetHints":{"allow":["GET"]}}],"collection":[{"href":"https:\/\/suertesdelmarques.es\/eng\/wp-json\/wp\/v2\/pages"}],"about":[{"href":"https:\/\/suertesdelmarques.es\/eng\/wp-json\/wp\/v2\/types\/page"}],"author":[{"embeddable":true,"href":"https:\/\/suertesdelmarques.es\/eng\/wp-json\/wp\/v2\/users\/1"}],"replies":[{"embeddable":true,"href":"https:\/\/suertesdelmarques.es\/eng\/wp-json\/wp\/v2\/comments?post=185"}],"version-history":[{"count":3,"href":"https:\/\/suertesdelmarques.es\/eng\/wp-json\/wp\/v2\/pages\/185\/revisions"}],"predecessor-version":[{"id":395,"href":"https:\/\/suertesdelmarques.es\/eng\/wp-json\/wp\/v2\/pages\/185\/revisions\/395"}],"wp:attachment":[{"href":"https:\/\/suertesdelmarques.es\/eng\/wp-json\/wp\/v2\/media?parent=185"}],"curies":[{"name":"wp","href":"https:\/\/api.w.org\/{rel}","templated":true}]}}